1160623853 prime?
False
Is 718351 a prime number?
False
Is 7471501 composite?
False
Is 98586469 a composite number?
False
Is 3854153 prime?
True
Is 840589363 a prime number?
True
Is 203719601 a prime number?
True
Is 258493549 composite?
False
Is 13565261 composite?
True
Is 2860751 a prime number?
True
Is 48097615 composite?
True
Is 8626753 a prime number?
False
Is 44042279 composite?
False
Is 177656599 a prime number?
True
Is 635749441 composite?
True
Is 57453023 a prime number?
False
Is 5566523 a prime number?
True
Is 7184271 prime?
False
Is 388253819 a composite number?
True
Is 4346843 prime?
False
Is 237547 a prime number?
True
Is 1671073 composite?
False
Is 45502085 prime?
False
Is 93224377 composite?
False
Is 1237919 a composite number?
False
Is 246060673 a prime number?
False
Is 481903159 a prime number?
False
Is 12037663 a composite number?
True
Is 306073711 a composite number?
True
Is 9097267 a prime number?
True
Is 17680723 a composite number?
False
Is 149879 composite?
True
Is 293947 a prime number?
False
Is 397489 a prime number?
True
Is 220117099 composite?
True
Is 3093703 prime?
True
Is 39829463 prime?
False
Is 1109116589 a prime number?
False
Is 68088749 prime?
False
Is 334531 a composite number?
True
Is 80472043 a prime number?
True
Is 5555983 a prime number?
True
Is 1125109 prime?
True
Is 73792073 a prime number?
False
Is 1499579 composite?
False
Is 64395481 composite?
False
Is 2158861 a composite number?
True
Is 2883071 a prime number?
True
Is 5219219 a composite number?
False
Is 12435209 a composite number?
False
Is 781481 a prime number?
True
Is 1571371 composite?
True
Is 33804283 a composite number?
False
Is 6691921 composite?
True
Is 1881541 composite?
True
Is 50966887 a prime number?
True
Is 7708237 a composite number?
False
Is 649739 composite?
False
Is 302642437 composite?
False
Is 14680121 prime?
False
Is 177276823 composite?
False
Is 12119447 composite?
False
Is 960151 a composite number?
False
Is 79424733 composite?
True
Is 88545047 a prime number?
True
Is 5010767 composite?
True
Is 75571 composite?
False
Is 39450101 a prime number?
False
Is 54865391 a composite number?
True
Is 225859339 a composite number?
True
Is 435983 a prime number?
True
Is 341010781 a prime number?
True
Is 71960417 a composite number?
True
Is 20595391 prime?
True
Is 66679919 a prime number?
False
Is 71224171 composite?
True
Is 3575111 prime?
False
Is 2796197 a prime number?
False
Is 807017 composite?
False
Is 1054166603 a composite number?
True
Is 173723317 a prime number?
False
Is 11605183 prime?
True
Is 368027 composite?
True
Is 235053911 a composite number?
False
Is 3335183 composite?
True
Is 1881181 composite?
False
Is 1455653 a prime number?
True
Is 2386661 prime?
True
Is 423722993 composite?
True
Is 1981589 composite?
False
Is 56749223 composite?
False
Is 118451129 a composite number?
False
Is 8199181 composite?
False
Is 6968129 a composite number?
True
Is 18007 a prime number?
False
Is 149689 composite?
False
Is 41851663 a prime number?
False
Is 65897583 a composite number?
True
Is 1728079 prime?
False
Is 120303043 a prime number?
False
Is 30286483 composite?
False
Is 5330597 a composite number?
False
Is 5471143 a prime number?
False
Is 97954919 a prime number?
True
Is 12116441 a prime number?
False
Is 3040579 prime?
True
Is 214682939 composite?
False
Is 1621163 a composite number?
False
Is 120507643 prime?
True
Is 41600554 composite?
True
Is 2378777 composite?
True
Is 136922605 prime?
False
Is 569398055 prime?
False
Is 25102201 a prime number?
False
Is 41298721 composite?
False
Is 53117693 composite?
False
Is 36095021 a composite number?
True
Is 195658621 a composite number?
True
Is 5396819 composite?
False
Is 7957663 composite?
True
Is 3974721 a composite number?
True
Is 96912119 a composite number?
False
Is 54799 composite?
False
Is 2930119 a composite number?
False
Is 342952385 a composite number?
True
Is 20831533 a composite number?
False
Is 9654167 a prime number?
True
Is 16622939 composite?
False
Is 4251241 composite?
True
Is 2666069 a composite number?
True
Is 13809946 a prime number?
False
Is 749399861 a prime number?
False
Is 76745933 composite?
True
Is 26042213 a prime number?
True
Is 37128899 composite?
False
Is 111261 prime?
False
Is 46723387 a composite number?
True
Is 112623029 a composite number?
True
Is 84582791 composite?
False
Is 12204319 a prime number?
False
Is 577553 composite?
True
Is 2080147 a prime number?
False
Is 5595817 prime?
True
Is 6546437 a prime number?
True
Is 9901981 prime?
True
Is 9455365 prime?
False
Is 2815157 prime?
True
Is 40121531 composite?
False
Is 12546565 prime?
False
Is 1128931 a prime number?
True
Is 113281 composite?
True
Is 782263 composite?
False
Is 47408657 prime?
True
Is 2894971 a composite number?
False
Is 201023 prime?
False
Is 6343129 prime?
False
Is 6362141 a composite number?
False
Is 1672199 a prime number?
True
Is 2654957 composite?
False
Is 2626079 prime?
True
Is 6801673 composite?
True
Is 380873 a composite number?
True
Is 12793199 a composite number?
False
Is 11428331 prime?
True
Is 10928443 a prime number?
False
Is 33829033 prime?
False
Is 6787453 a composite number?
False
Is 4083749 a composite number?
False
Is 6653177 a prime number?
False
Is 87693527 a prime number?
False
Is 83040637 a composite number?
False
Is 10526353 a prime number?
True
Is 996947 a prime number?
False
Is 1613959 prime?
True
Is 16303123 prime?
True
Is 532307 prime?
True
Is 2521763 a prime number?
False
Is 4292807 a prime number?
False
Is 35500583 prime?
False
Is 316991 prime?
True
Is 1668283 composite?
True
Is 277597 composite?
False
Is 6406109 a composite number?
False
Is 49296511 prime?
False
Is 306913727 a prime number?
True
Is 21269527 a prime number?
True
Is 47175019 prime?
True
Is 234482809 prime?
False
Is 17563691 prime?
True
Is 21296981 a prime number?
True
Is 26929927 prime?
True
Is 4012751 a composite number?
True
Is 7729923 a composite number?
True
Is 1682587 prime?
False
Is 7650047 composite?
False
Is 21881 prime?
True
Is 40524743 a composite number?
True
Is 5317747 composite?
True
Is 375853 a prime number?
False
Is 164877301 prime?
False
Is 126953347 composite?
False
Is 586907 composite?
True
Is 79092293 composite?
True
Is 41093705 composite?
True
Is 362128313 a composite number?
True
Is 46108423 composite?
False
Is 28673707 a prime number?
True
Is 24924251 prime?
False
Is 47013731 prime?
True
Is 3637547 prime?
True
Is 70876277 prime?
True
Is 2796239 composite?
True
Is 434569399 prime?
False
Is 381037 a prime number?
True
Is 1116692807 a prime number?
True
Is 123058783 a prime number?
True
Is 1799647 prime?
False
Is 451658419 prime?
False
Is 63871739 prime?
True
Is 16114457 a prime number?
True
Is 59248547 a prime number?
True
Is 52434179 composite?
True
Is 663568643 prime?
True
Is 4807723 prime?
False
Is 2458799 composite?
True
Is 102348583 a composite number?
False
Is 316108231 a prime number?
True
Is 4026905 a prime number?
False
Is 26397143 a composite number?
False
Is 6489391 composite?
True
Is 262224671 prime?
True
Is 251239 prime?
False
Is 8224757 composite?
True
Is 912293 a composite number?
True
Is 1070539 a composite number?
True
Is 423023483 a prime number?
False
Is 146054611 prime?
True
Is 12840505 prime?
False
Is 4741834 a composite number?
True
Is 987000362 composite?
True
Is 9371101 composite?
True
Is 28121943 composite?
True
Is 233692513 a prime number?
False
Is 105827759 a prime number?
True
Is 325666969 a composite number?
False
Is 308601817 a composite number?
False
Is 21232571 prime?
True
Is 9392186 composite?
True
Is 241932323 a composite number?
False
Is 27670787 prime?
True
Is 1189382687 a composite number?
False
Is 95204467 prime?
True
Is 90283 prime?
False
Is 27388723 prime?
True
Is 458747977 a prime number?
True
Is 2588561 composite?
True
Is 2778491 a composite number?
True
Is 41663719 composite?
True
Is 903169 a composite number?
True
Is 66257287 prime?
False
Is 10588069 composite?
True
Is 159361 a prime number?
True
Is 116429771 a prime number?
True
Is 2910107 a composite number?
False
Is 16141847 prime?
False
Is 8277083 a composite number?
False
Is 677321 composite?
False
Is 827066 prime?
False
Is 10707153 prime?
False
Is 1598789 a composite number?
False
